{"id":22,"date":"2021-12-29T11:28:53","date_gmt":"2021-12-29T10:28:53","guid":{"rendered":"https:\/\/taille.be\/?page_id=22"},"modified":"2021-12-29T12:24:00","modified_gmt":"2021-12-29T11:24:00","slug":"elagage","status":"publish","type":"page","link":"https:\/\/www.taille.be\/?page_id=22","title":{"rendered":"Elagage"},"content":{"rendered":"\n<div class=\"wp-block-media-text alignwide is-stacked-on-mobile\" style=\"grid-template-columns:30% auto\"><figure class=\"wp-block-media-text__media\"><img loading=\"lazy\" decoding=\"async\" width=\"300\" height=\"225\" src=\"https:\/\/taille.be\/wp-content\/uploads\/2021\/12\/elagage-3-2-300x225.jpg\" alt=\"\" class=\"wp-image-92 size-medium\" srcset=\"https:\/\/www.taille.be\/wp-content\/uploads\/2021\/12\/elagage-3-2-300x225.jpg 300w, https:\/\/www.taille.be\/wp-content\/uploads\/2021\/12\/elagage-3-2-1024x768.jpg 1024w, https:\/\/www.taille.be\/wp-content\/uploads\/2021\/12\/elagage-3-2-768x576.jpg 768w, https:\/\/www.taille.be\/wp-content\/uploads\/2021\/12\/elagage-3-2-1536x1152.jpg 1536w, https:\/\/www.taille.be\/wp-content\/uploads\/2021\/12\/elagage-3-2.jpg 2048w\" sizes=\"auto, (max-width: 300px) 100vw, 300px\" \/><\/figure><div class=\"wp-block-media-text__content\">\n<p>Dans le respect de l\u2019arbre, nous pratiquons le principe de la <strong>taille douce<\/strong>.&nbsp; Cette technique permet d\u2019\u00e9claircir l\u2019arbre, de laisser passer la lumi\u00e8re et le vent, de soulager les branches trop lourdes et dangereuses en \u00e9vitant tout probl\u00e8me de cicatrisation.&nbsp; La taille douce maintient la silhouette de l\u2019arbre et peut-\u00eatre pratiqu\u00e9e <strong>toute l\u2019ann\u00e9e<\/strong>.<\/p>\n\n\n\n<p>Afin de grimper au bout des branches et de se faufiler dans la couronne des grands arbres, nous utilisons corde et baudrier selon les techniques d\u2019escalade traditionnelles.<\/p>\n<\/div><\/div>\n\n\n\n<p><\/p>\n","protected":false},"excerpt":{"rendered":"<p>Dans le respect de l\u2019arbre, nous pratiquons le principe de la taille douce.&nbsp; Cette technique permet d\u2019\u00e9claircir l\u2019arbre, de laisser passer la lumi\u00e8re et le vent, de soulager les branches &#8230;<\/p>\n","protected":false},"author":1,"featured_media":0,"parent":0,"menu_order":0,"comment_status":"closed","ping_status":"closed","template":"template-fullwidth.php","meta":{"footnotes":""},"class_list":["post-22","page","type-page","status-publish","hentry"],"yoast_head":"<!-- This site is optimized with the Yoast SEO plugin v18.9 - https:\/\/yoast.com\/wordpress\/plugins\/seo\/ -->\n<title>Elagage - Taille.be<\/title>\n<meta name=\"robots\" content=\"index, follow, max-snippet:-1, max-image-preview:large, max-video-preview:-1\" \/>\n<link rel=\"canonical\" href=\"https:\/\/www.taille.be\/?page_id=22\" \/>\n<meta property=\"og:locale\" content=\"fr_FR\" \/>\n<meta property=\"og:type\" content=\"article\" \/>\n<meta property=\"og:title\" content=\"Elagage - Taille.be\" \/>\n<meta property=\"og:description\" content=\"Dans le respect de l\u2019arbre, nous pratiquons le principe de la taille douce.&nbsp; Cette technique permet d\u2019\u00e9claircir l\u2019arbre, de laisser passer la lumi\u00e8re et le vent, de soulager les branches ...\" \/>\n<meta property=\"og:url\" content=\"https:\/\/www.taille.be\/?page_id=22\" \/>\n<meta property=\"og:site_name\" content=\"Taille.be\" \/>\n<meta property=\"article:modified_time\" content=\"2021-12-29T11:24:00+00:00\" \/>\n<meta property=\"og:image\" content=\"https:\/\/taille.be\/wp-content\/uploads\/2021\/12\/elagage-3-2-300x225.jpg\" \/>\n<meta name=\"twitter:card\" content=\"summary_large_image\" \/>\n<script type=\"application\/ld+json\" class=\"yoast-schema-graph\">{\"@context\":\"https:\/\/schema.org\",\"@graph\":[{\"@type\":\"WebSite\",\"@id\":\"https:\/\/www.taille.be\/#website\",\"url\":\"https:\/\/www.taille.be\/\",\"name\":\"Taille.be\",\"description\":\"Depuis 2005\",\"potentialAction\":[{\"@type\":\"SearchAction\",\"target\":{\"@type\":\"EntryPoint\",\"urlTemplate\":\"https:\/\/www.taille.be\/?s={search_term_string}\"},\"query-input\":\"required name=search_term_string\"}],\"inLanguage\":\"fr-FR\"},{\"@type\":\"ImageObject\",\"inLanguage\":\"fr-FR\",\"@id\":\"https:\/\/www.taille.be\/?page_id=22#primaryimage\",\"url\":\"https:\/\/taille.be\/wp-content\/uploads\/2021\/12\/elagage-3-2-300x225.jpg\",\"contentUrl\":\"https:\/\/taille.be\/wp-content\/uploads\/2021\/12\/elagage-3-2-300x225.jpg\"},{\"@type\":\"WebPage\",\"@id\":\"https:\/\/www.taille.be\/?page_id=22#webpage\",\"url\":\"https:\/\/www.taille.be\/?page_id=22\",\"name\":\"Elagage - Taille.be\",\"isPartOf\":{\"@id\":\"https:\/\/www.taille.be\/#website\"},\"primaryImageOfPage\":{\"@id\":\"https:\/\/www.taille.be\/?page_id=22#primaryimage\"},\"datePublished\":\"2021-12-29T10:28:53+00:00\",\"dateModified\":\"2021-12-29T11:24:00+00:00\",\"breadcrumb\":{\"@id\":\"https:\/\/www.taille.be\/?page_id=22#breadcrumb\"},\"inLanguage\":\"fr-FR\",\"potentialAction\":[{\"@type\":\"ReadAction\",\"target\":[\"https:\/\/www.taille.be\/?page_id=22\"]}]},{\"@type\":\"BreadcrumbList\",\"@id\":\"https:\/\/www.taille.be\/?page_id=22#breadcrumb\",\"itemListElement\":[{\"@type\":\"ListItem\",\"position\":1,\"name\":\"Accueil\",\"item\":\"https:\/\/www.taille.be\/\"},{\"@type\":\"ListItem\",\"position\":2,\"name\":\"Elagage\"}]}]}<\/script>\n<!-- \/ Yoast SEO plugin. -->","yoast_head_json":{"title":"Elagage - Taille.be","robots":{"index":"index","follow":"follow","max-snippet":"max-snippet:-1","max-image-preview":"max-image-preview:large","max-video-preview":"max-video-preview:-1"},"canonical":"https:\/\/www.taille.be\/?page_id=22","og_locale":"fr_FR","og_type":"article","og_title":"Elagage - Taille.be","og_description":"Dans le respect de l\u2019arbre, nous pratiquons le principe de la taille douce.&nbsp; Cette technique permet d\u2019\u00e9claircir l\u2019arbre, de laisser passer la lumi\u00e8re et le vent, de soulager les branches ...","og_url":"https:\/\/www.taille.be\/?page_id=22","og_site_name":"Taille.be","article_modified_time":"2021-12-29T11:24:00+00:00","og_image":[{"url":"https:\/\/taille.be\/wp-content\/uploads\/2021\/12\/elagage-3-2-300x225.jpg"}],"twitter_card":"summary_large_image","schema":{"@context":"https:\/\/schema.org","@graph":[{"@type":"WebSite","@id":"https:\/\/www.taille.be\/#website","url":"https:\/\/www.taille.be\/","name":"Taille.be","description":"Depuis 2005","potentialAction":[{"@type":"SearchAction","target":{"@type":"EntryPoint","urlTemplate":"https:\/\/www.taille.be\/?s={search_term_string}"},"query-input":"required name=search_term_string"}],"inLanguage":"fr-FR"},{"@type":"ImageObject","inLanguage":"fr-FR","@id":"https:\/\/www.taille.be\/?page_id=22#primaryimage","url":"https:\/\/taille.be\/wp-content\/uploads\/2021\/12\/elagage-3-2-300x225.jpg","contentUrl":"https:\/\/taille.be\/wp-content\/uploads\/2021\/12\/elagage-3-2-300x225.jpg"},{"@type":"WebPage","@id":"https:\/\/www.taille.be\/?page_id=22#webpage","url":"https:\/\/www.taille.be\/?page_id=22","name":"Elagage - Taille.be","isPartOf":{"@id":"https:\/\/www.taille.be\/#website"},"primaryImageOfPage":{"@id":"https:\/\/www.taille.be\/?page_id=22#primaryimage"},"datePublished":"2021-12-29T10:28:53+00:00","dateModified":"2021-12-29T11:24:00+00:00","breadcrumb":{"@id":"https:\/\/www.taille.be\/?page_id=22#breadcrumb"},"inLanguage":"fr-FR","potentialAction":[{"@type":"ReadAction","target":["https:\/\/www.taille.be\/?page_id=22"]}]},{"@type":"BreadcrumbList","@id":"https:\/\/www.taille.be\/?page_id=22#breadcrumb","itemListElement":[{"@type":"ListItem","position":1,"name":"Accueil","item":"https:\/\/www.taille.be\/"},{"@type":"ListItem","position":2,"name":"Elagage"}]}]}},"_links":{"self":[{"href":"https:\/\/www.taille.be\/index.php?rest_route=\/wp\/v2\/pages\/22","targetHints":{"allow":["GET"]}}],"collection":[{"href":"https:\/\/www.taille.be\/index.php?rest_route=\/wp\/v2\/pages"}],"about":[{"href":"https:\/\/www.taille.be\/index.php?rest_route=\/wp\/v2\/types\/page"}],"author":[{"embeddable":true,"href":"https:\/\/www.taille.be\/index.php?rest_route=\/wp\/v2\/users\/1"}],"replies":[{"embeddable":true,"href":"https:\/\/www.taille.be\/index.php?rest_route=%2Fwp%2Fv2%2Fcomments&post=22"}],"version-history":[{"count":4,"href":"https:\/\/www.taille.be\/index.php?rest_route=\/wp\/v2\/pages\/22\/revisions"}],"predecessor-version":[{"id":97,"href":"https:\/\/www.taille.be\/index.php?rest_route=\/wp\/v2\/pages\/22\/revisions\/97"}],"wp:attachment":[{"href":"https:\/\/www.taille.be\/index.php?rest_route=%2Fwp%2Fv2%2Fmedia&parent=22"}],"curies":[{"name":"wp","href":"https:\/\/api.w.org\/{rel}","templated":true}]}}